{"id":420,"date":"2020-07-01T15:53:59","date_gmt":"2020-07-01T14:53:59","guid":{"rendered":"http:\/\/demos.upperthemes.com\/alma\/site1\/?page_id=420"},"modified":"2026-03-11T11:13:14","modified_gmt":"2026-03-11T10:13:14","slug":"infos-michael-zen-photographe","status":"publish","type":"page","link":"https:\/\/belart-picture.com\/evenements\/infos\/infos-michael-zen-photographe\/","title":{"rendered":"Qui suis-je ?"},"content":{"rendered":"<p>[vc_row bg_type=\u00a0\u00bbbg_color\u00a0\u00bb bg_override=\u00a0\u00bbex-full\u00a0\u00bb css=\u00a0\u00bb.vc_custom_1659791367513{padding-top: 170px !important;padding-bottom: 100px !important;}\u00a0\u00bb bg_color_value=\u00a0\u00bb#ffffff\u00a0\u00bb][vc_column][vc_custom_heading text=\u00a0\u00bbQui suis-je ?\u00a0\u00bb font_container=\u00a0\u00bbtag:h2|text_align:center\u00a0\u00bb use_theme_fonts=\u00a0\u00bbyes\u00a0\u00bb][vc_empty_space][\/vc_column][vc_column width=\u00a0\u00bb5\/12&Prime;][vc_single_image image=\u00a0\u00bb24501&Prime; img_size=\u00a0\u00bb650&#215;880&Prime; style=\u00a0\u00bbvc_box_rounded\u00a0\u00bb css_animation=\u00a0\u00bbfadeInUp\u00a0\u00bb][\/vc_column][vc_column width=\u00a0\u00bb7\/12&Prime;]<div class=\"ult-spacer spacer-69e08eea8cb2b\" data-id=\"69e08eea8cb2b\" data-height=\"\" data-height-mobile=\"40\" data-height-tab=\"\" data-height-tab-portrait=\"\" data-height-mobile-landscape=\"40\" style=\"clear:both;display:block;\"><\/div>[vc_custom_heading text=\u00a0\u00bbMICHA\u00cbL ZEN\u00a0\u00bb use_theme_fonts=\u00a0\u00bbyes\u00a0\u00bb][vc_custom_heading text=\u00a0\u00bbPhotographe Mariages, \u00c9v\u00e8nements, PackShot, Corporate, Iris\u00a0\u00bb font_container=\u00a0\u00bbtag:h4|text_align:left|color:%239b9b9b\u00a0\u00bb use_theme_fonts=\u00a0\u00bbyes\u00a0\u00bb el_class=\u00a0\u00bbno-letter-spacing\u00a0\u00bb][vc_tta_pageable no_fill_content_area=\u00a0\u00bbtrue\u00a0\u00bb active_section=\u00a0\u00bb1&Prime; pagination_style=\u00a0\u00bbflat-square\u00a0\u00bb pagination_color=\u00a0\u00bbblack\u00a0\u00bb css_animation=\u00a0\u00bbfadeIn\u00a0\u00bb][vc_tta_section title=\u00a0\u00bbSection 1&Prime; tab_id=\u00a0\u00bb1687989427618-793158d4-c672&Prime;][vc_column_text]<\/p>\n<p data-start=\"286\" data-end=\"585\">Ma passion pour la photographie est n\u00e9e tr\u00e8s t\u00f4t. J\u2019avais \u00e0 peine 8 ans lorsque j\u2019ai re\u00e7u mon premier appareil photo jetable. J\u2019\u00e9tais fascin\u00e9 par cette possibilit\u00e9 magique de figer le temps, de conserver une trace d\u2019un moment qui ne reviendrait pas. Depuis, cette fascination ne m\u2019a jamais quitt\u00e9.<\/p>\n<p data-start=\"587\" data-end=\"964\">Au fil des ann\u00e9es, j\u2019ai explor\u00e9 diff\u00e9rents univers visuels, exp\u00e9riment\u00e9 des techniques, affin\u00e9 mon regard. Puis je me suis naturellement orient\u00e9 vers ce qui me touche le plus : <strong data-start=\"764\" data-end=\"819\">les histoires humaines et les grands moments de vie<\/strong>. Parce qu\u2019il n\u2019y a rien de plus fort que de capturer une \u00e9motion vraie, un \u00e9clat de rire partag\u00e9, une larme de joie, un instant de complicit\u00e9.<\/p>\n<p data-start=\"966\" data-end=\"1100\">Aujourd\u2019hui, je mets \u00e0 nouveau toute mon exp\u00e9rience et ma sensibilit\u00e9 au service de la <strong data-start=\"1043\" data-end=\"1096\">photographie \u00e9v\u00e9nementielle et du reportage photo<\/strong> :<\/p>\n<ul data-start=\"1101\" data-end=\"1235\">\n<li data-start=\"1101\" data-end=\"1128\">\n<p data-start=\"1103\" data-end=\"1128\"><strong>Engagements &amp; mariages<\/strong>,<\/p>\n<\/li>\n<li data-start=\"1129\" data-end=\"1157\">\n<p data-start=\"1131\" data-end=\"1157\"><strong>Grossesses &amp; naissances<\/strong>,<\/p>\n<\/li>\n<li data-start=\"1158\" data-end=\"1198\">\n<p data-start=\"1160\" data-end=\"1198\"><strong>\u00c9v\u00e9nements priv\u00e9s ou professionnels<\/strong>,<\/p>\n<\/li>\n<li data-start=\"1199\" data-end=\"1235\">\n<p data-start=\"1201\" data-end=\"1235\"><strong>Portraits corporate &amp; packshots,<\/strong><\/p>\n<\/li>\n<li data-start=\"1199\" data-end=\"1235\"><strong>Photographie d&rsquo;iris.<\/strong><\/li>\n<\/ul>\n<p>&nbsp;<\/p>\n<p data-start=\"1237\" data-end=\"1546\">Mon approche est \u00e0 la fois <strong data-start=\"1264\" data-end=\"1293\">artistique et authentique<\/strong>. Je ne me contente pas de photographier ce qui se passe : je cherche \u00e0 raconter une histoire, <strong data-start=\"1388\" data-end=\"1400\">la v\u00f4tre<\/strong>. Mon objectif est de cr\u00e9er des images qui, des ann\u00e9es plus tard, feront encore battre votre c\u0153ur en vous replongeant dans ces moments.<\/p>\n<p data-start=\"1548\" data-end=\"1867\">Avec moi, chaque s\u00e9ance est <strong data-start=\"1576\" data-end=\"1593\">personnalis\u00e9e<\/strong>. J\u2019apprends \u00e0 vous conna\u00eetre, je comprends ce que vous attendez, et je construis un cadre o\u00f9 vous pouvez \u00eatre vous-m\u00eames, sans artifices. Mon r\u00f4le est de capter vos \u00e9motions, vos liens, votre \u00e9nergie et de les transformer en <strong data-start=\"1820\" data-end=\"1864\">souvenirs qui traversent le temps,\u00a0 des moments sinc\u00e8res et \u00e9l\u00e9gants<\/strong>.<\/p>\n<p data-start=\"1869\" data-end=\"2087\">Si vous cherchez un photographe attentif, passionn\u00e9 et cr\u00e9atif pour immortaliser vos grands moments, vous \u00eates au bon endroit.<br data-start=\"1995\" data-end=\"1998\" \/>Je serais honor\u00e9 de mettre mon regard et mon savoir-faire au service de votre histoire.<\/p>\n<p>[\/vc_column_text][\/vc_tta_section][vc_tta_section title=\u00a0\u00bbSection 2&Prime; tab_id=\u00a0\u00bb1687989427634-c961694b-99cb\u00a0\u00bb][vc_column_text]<span style=\"font-size: 11pt;\">En tant que photographe d\u2019\u00e9v\u00e9nements, mon objectif est de <strong data-start=\"391\" data-end=\"461\">capturer l\u2019\u00e9motion, l\u2019authenticit\u00e9 et la force des moments uniques<\/strong> que vous vivez. Chaque mariage, chaque grossesse, chaque c\u00e9l\u00e9bration ou projet professionnel raconte une histoire qui m\u00e9rite d\u2019\u00eatre pr\u00e9serv\u00e9e avec soin.<\/span><\/p>\n<p><span style=\"font-size: 11pt;\">Mais mon engagement ne s&rsquo;arr\u00eate pas l\u00e0. J&rsquo;ai une passion pour l&rsquo;art de la photographie, et <strong>j&rsquo;aspire \u00e0 un jour organiser une exposition d\u00e9di\u00e9e aux instants de vie<\/strong> que j&rsquo;ai eu le privil\u00e8ge d&rsquo;immortaliser.<\/span><\/p>\n<p><span style=\"font-size: 11pt;\">Cette exposition serait une <strong>c\u00e9l\u00e9bration des grandes \u00e9tapes de vie, des \u00e9motions brutes, de joie, d&rsquo;amour, de complicit\u00e9, je souhaite immortaliser la beaut\u00e9 de vos histoires<\/strong>. Je crois fermement que ces images m\u00e9ritent d&rsquo;\u00eatre vues, admir\u00e9es et partag\u00e9es, toujours avec votre consentement. Votre confiance est primordiale, et chaque d\u00e9cision concernant la pr\u00e9sentation publique de vos photos sera prise avec soin et respect de votre vie priv\u00e9e.<\/span><\/p>\n<p><span style=\"font-size: 11pt;\"><strong>Imaginez voir vos propres moments, un regard, un \u00e9clat de rire, des c\u00e2lins mis en lumi\u00e8re faire partie d&rsquo;une exposition artistique qui comme une \u0153uvre parle \u00e0 tous. Ce serait une mani\u00e8re de partager non seulement votre histoire, mais aussi les valeurs et les \u00e9motions que vous incarnez.<\/strong><\/span><\/p>\n<p><span style=\"font-size: 11pt;\"><strong>Ce projet d&rsquo;exposition est un projet qui me tient \u00e0 c\u0153ur<\/strong>, et j&rsquo;esp\u00e8re sinc\u00e8rement qu&rsquo;un jour nous pourrons ensemble faire briller ces images dans un espace elles pourront \u00eatre admir\u00e9es et ressenties par d&rsquo;autres personnes.<\/span><\/p>\n<p data-start=\"1878\" data-end=\"2124\"><span style=\"font-size: 11pt;\">En choisissant de travailler avec moi, vous participez \u00e0 une aventure qui d\u00e9passe la simple s\u00e9ance photo. Vous ouvrez la porte \u00e0 une exp\u00e9rience artistique collective, o\u00f9 vos souvenirs deviennent aussi une <strong data-start=\"2083\" data-end=\"2121\">source d\u2019inspiration pour d\u2019autres<\/strong>.<\/span><\/p>\n<p data-start=\"2126\" data-end=\"2271\"><span style=\"font-size: 11pt;\">Ensemble, nous pouvons cr\u00e9er quelque chose de fort, de vibrant et d\u2019intemporel. Et j\u2019ai h\u00e2te de voir jusqu\u2019o\u00f9 cette aventure pourra nous mener.<\/span><\/p>\n<p>[\/vc_column_text][\/vc_tta_section][\/vc_tta_pageable][vc_empty_space height=\u00a0\u00bb50px\u00a0\u00bb][vc_empty_space height=\u00a0\u00bb10px\u00a0\u00bb]<div id=\"naapo-social-networks-shortcode-1\" class=\"widget alma_socials_widget\"><div class=\"social-icons-fa align-left\"><ul><li><a href=\"https:\/\/www.facebook.com\/belartpicture.events\" target=\"_blank\" class=\"social-network facebook\" title=\"Facebook\"><i class=\"fab fa-facebook\"><\/i><\/a><\/li><li><a href=\"https:\/\/www.linkedin.com\/company\/belart-picture-photographe\/\" target=\"_blank\" class=\"social-network linkedin\" title=\"LinkedIn\"><i class=\"fab fa-linkedin\"><\/i><\/a><\/li><li><a href=\"https:\/\/www.instagram.com\/belart_picture_events\" target=\"_blank\" class=\"social-network instagram\" title=\"Instagram\"><i class=\"fab fa-instagram\"><\/i><\/a><\/li><li><a href=\"https:\/\/www.pinterest.fr\/belartpicture\" target=\"_blank\" class=\"social-network pinterest\" title=\"Pinterest\"><i class=\"fab fa-pinterest\"><\/i><\/a><\/li><\/ul><\/div><\/div>[\/vc_column][\/vc_row]<\/p>\n","protected":false},"excerpt":{"rendered":"<p>[vc_row bg_type=\u00a0\u00bbbg_color\u00a0\u00bb bg_override=\u00a0\u00bbex-full\u00a0\u00bb css=\u00a0\u00bb.vc_custom_1659791367513{padding-top: 170px !important;padding-bottom: 100px !important;}\u00a0\u00bb bg_color_value=\u00a0\u00bb#ffffff\u00a0\u00bb][vc_column][vc_custom_heading text=\u00a0\u00bbQui suis-je ?\u00a0\u00bb font_container=\u00a0\u00bbtag:h2|text_align:center\u00a0\u00bb use_theme_fonts=\u00a0\u00bbyes\u00a0\u00bb][vc_empty_space][\/vc_column][vc_column width=\u00a0\u00bb5\/12&Prime;][vc_single_image image=\u00a0\u00bb24501&Prime; img_size=\u00a0\u00bb650&#215;880&Prime; style=\u00a0\u00bbvc_box_rounded\u00a0\u00bb css_animation=\u00a0\u00bbfadeInUp\u00a0\u00bb][\/vc_column][vc_column width=\u00a0\u00bb7\/12&Prime;][vc_custom_heading text=\u00a0\u00bbMICHA\u00cbL ZEN\u00a0\u00bb use_theme_fonts=\u00a0\u00bbyes\u00a0\u00bb][vc_custom_heading text=\u00a0\u00bbPhotographe Mariages, \u00c9v\u00e8nements, PackShot, Corporate, Iris\u00a0\u00bb font_container=\u00a0\u00bbtag:h4|text_align:left|color:%239b9b9b\u00a0\u00bb use_theme_fonts=\u00a0\u00bbyes\u00a0\u00bb el_class=\u00a0\u00bbno-letter-spacing\u00a0\u00bb][vc_tta_pageable no_fill_content_area=\u00a0\u00bbtrue\u00a0\u00bb active_section=\u00a0\u00bb1&Prime; pagination_style=\u00a0\u00bbflat-square\u00a0\u00bb pagination_color=\u00a0\u00bbblack\u00a0\u00bb css_animation=\u00a0\u00bbfadeIn\u00a0\u00bb][vc_tta_section title=\u00a0\u00bbSection 1&Prime; tab_id=\u00a0\u00bb1687989427618-793158d4-c672&Prime;][vc_column_text] Ma passion pour la photographie est n\u00e9e tr\u00e8s t\u00f4t. J\u2019avais \u00e0 peine 8 ans lorsque [&hellip;]<\/p>\n","protected":false},"author":1,"featured_media":0,"parent":19758,"menu_order":2,"comment_status":"closed","ping_status":"closed","template":"page.php","meta":{"footnotes":""},"class_list":["post-420","page","type-page","status-publish","hentry"],"yoast_head":"<!-- This site is optimized with the Yoast SEO Premium plugin v26.6 (Yoast SEO v27.3) - https:\/\/yoast.com\/product\/yoast-seo-premium-wordpress\/ -->\n<title>Qui suis-je ? - Belart - Picture | \u00c9v\u00e8nements - Micha\u00ebl Zen - \u00c0 propos de moi et mes services de photographe \u00e9v\u00e9nementiel : mariages, \u00e9v\u00e9nements priv\u00e9s et professionnels<\/title>\n<meta name=\"description\" content=\"D\u00e9couvrez mon approche de photographe \u00e9v\u00e9nementiel : mariages, \u00e9v\u00e9nements priv\u00e9s et professionnels. Un regard humain pour raconter vos moments forts avec authenticit\u00e9.\" \/>\n<meta name=\"robots\" content=\"index, follow, max-snippet:-1, max-image-preview:large, max-video-preview:-1\" \/>\n<link rel=\"canonical\" href=\"https:\/\/belart-picture.com\/evenements\/infos\/infos-michael-zen-photographe\/\" \/>\n<meta property=\"og:locale\" content=\"fr_FR\" \/>\n<meta property=\"og:type\" content=\"article\" \/>\n<meta property=\"og:title\" content=\"Qui suis-je ?\" \/>\n<meta property=\"og:description\" content=\"Micha\u00ebl Zen - \u00c0 propos de moi et mes services de photographe \u00e9v\u00e9nementiel : mariages, \u00e9v\u00e9nements priv\u00e9s et professionnels\" \/>\n<meta property=\"og:url\" content=\"https:\/\/belart-picture.com\/evenements\/infos\/infos-michael-zen-photographe\/\" \/>\n<meta property=\"og:site_name\" content=\"Belart - Picture | \u00c9v\u00e8nements\" \/>\n<meta property=\"article:publisher\" content=\"https:\/\/www.facebook.com\/belartpicture\/\" \/>\n<meta property=\"article:modified_time\" content=\"2026-03-11T10:13:14+00:00\" \/>\n<meta name=\"twitter:card\" content=\"summary_large_image\" \/>\n<meta name=\"twitter:site\" content=\"@BelartPicture\" \/>\n<meta name=\"twitter:label1\" content=\"Dur\u00e9e de lecture estim\u00e9e\" \/>\n\t<meta name=\"twitter:data1\" content=\"4 minutes\" \/>\n<script type=\"application\/ld+json\" class=\"yoast-schema-graph\">{\"@context\":\"https:\\\/\\\/schema.org\",\"@graph\":[{\"@type\":\"WebPage\",\"@id\":\"https:\\\/\\\/belart-picture.com\\\/evenements\\\/infos\\\/infos-michael-zen-photographe\\\/\",\"url\":\"https:\\\/\\\/belart-picture.com\\\/evenements\\\/infos\\\/infos-michael-zen-photographe\\\/\",\"name\":\"Qui suis-je ? - Belart - Picture | \u00c9v\u00e8nements - Micha\u00ebl Zen - \u00c0 propos de moi et mes services de photographe \u00e9v\u00e9nementiel : mariages, \u00e9v\u00e9nements priv\u00e9s et professionnels\",\"isPartOf\":{\"@id\":\"https:\\\/\\\/belart-picture.com\\\/evenements\\\/#website\"},\"datePublished\":\"2020-07-01T14:53:59+00:00\",\"dateModified\":\"2026-03-11T10:13:14+00:00\",\"description\":\"D\u00e9couvrez mon approche de photographe \u00e9v\u00e9nementiel : mariages, \u00e9v\u00e9nements priv\u00e9s et professionnels. Un regard humain pour raconter vos moments forts avec authenticit\u00e9.\",\"breadcrumb\":{\"@id\":\"https:\\\/\\\/belart-picture.com\\\/evenements\\\/infos\\\/infos-michael-zen-photographe\\\/#breadcrumb\"},\"inLanguage\":\"fr-FR\",\"potentialAction\":[{\"@type\":\"ReadAction\",\"target\":[\"https:\\\/\\\/belart-picture.com\\\/evenements\\\/infos\\\/infos-michael-zen-photographe\\\/\"]}]},{\"@type\":\"BreadcrumbList\",\"@id\":\"https:\\\/\\\/belart-picture.com\\\/evenements\\\/infos\\\/infos-michael-zen-photographe\\\/#breadcrumb\",\"itemListElement\":[{\"@type\":\"ListItem\",\"position\":1,\"name\":\"Home\",\"item\":\"https:\\\/\\\/belart-picture.com\\\/evenements\\\/\"},{\"@type\":\"ListItem\",\"position\":2,\"name\":\"Infos\",\"item\":\"https:\\\/\\\/belart-picture.com\\\/evenements\\\/infos\\\/\"},{\"@type\":\"ListItem\",\"position\":3,\"name\":\"Qui suis-je ?\"}]},{\"@type\":\"WebSite\",\"@id\":\"https:\\\/\\\/belart-picture.com\\\/evenements\\\/#website\",\"url\":\"https:\\\/\\\/belart-picture.com\\\/evenements\\\/\",\"name\":\"Belart - Picture | \u00c9v\u00e8nements\",\"description\":\"Photographe Mariages, \u00c9v\u00e8nements, PackShot, Corporate\",\"publisher\":{\"@id\":\"https:\\\/\\\/belart-picture.com\\\/evenements\\\/#organization\"},\"potentialAction\":[{\"@type\":\"SearchAction\",\"target\":{\"@type\":\"EntryPoint\",\"urlTemplate\":\"https:\\\/\\\/belart-picture.com\\\/evenements\\\/?s={search_term_string}\"},\"query-input\":{\"@type\":\"PropertyValueSpecification\",\"valueRequired\":true,\"valueName\":\"search_term_string\"}}],\"inLanguage\":\"fr-FR\"},{\"@type\":\"Organization\",\"@id\":\"https:\\\/\\\/belart-picture.com\\\/evenements\\\/#organization\",\"name\":\"Belart - Picture | \u00c9v\u00e8nements\",\"url\":\"https:\\\/\\\/belart-picture.com\\\/evenements\\\/\",\"logo\":{\"@type\":\"ImageObject\",\"inLanguage\":\"fr-FR\",\"@id\":\"https:\\\/\\\/belart-picture.com\\\/evenements\\\/#\\\/schema\\\/logo\\\/image\\\/\",\"url\":\"https:\\\/\\\/www.belart-picture.com\\\/evenements\\\/wp-content\\\/uploads\\\/2025\\\/05\\\/Logo-BP_2021_fond_blanc_ecriture_noir_500px-scaled.png\",\"contentUrl\":\"https:\\\/\\\/www.belart-picture.com\\\/evenements\\\/wp-content\\\/uploads\\\/2025\\\/05\\\/Logo-BP_2021_fond_blanc_ecriture_noir_500px-scaled.png\",\"width\":2560,\"height\":2560,\"caption\":\"Belart - Picture | \u00c9v\u00e8nements\"},\"image\":{\"@id\":\"https:\\\/\\\/belart-picture.com\\\/evenements\\\/#\\\/schema\\\/logo\\\/image\\\/\"},\"sameAs\":[\"https:\\\/\\\/www.facebook.com\\\/belartpicture\\\/\",\"https:\\\/\\\/x.com\\\/BelartPicture\",\"https:\\\/\\\/www.instagram.com\\\/belart_picture_photographe\\\/\",\"https:\\\/\\\/fr.pinterest.com\\\/belartpicture\\\/\",\"https:\\\/\\\/500px.com\\\/p\\\/Belart-Picture\"]}]}<\/script>\n<!-- \/ Yoast SEO Premium plugin. -->","yoast_head_json":{"title":"Qui suis-je ? - Belart - Picture | \u00c9v\u00e8nements - Micha\u00ebl Zen - \u00c0 propos de moi et mes services de photographe \u00e9v\u00e9nementiel : mariages, \u00e9v\u00e9nements priv\u00e9s et professionnels","description":"D\u00e9couvrez mon approche de photographe \u00e9v\u00e9nementiel : mariages, \u00e9v\u00e9nements priv\u00e9s et professionnels. Un regard humain pour raconter vos moments forts avec authenticit\u00e9.","robots":{"index":"index","follow":"follow","max-snippet":"max-snippet:-1","max-image-preview":"max-image-preview:large","max-video-preview":"max-video-preview:-1"},"canonical":"https:\/\/belart-picture.com\/evenements\/infos\/infos-michael-zen-photographe\/","og_locale":"fr_FR","og_type":"article","og_title":"Qui suis-je ?","og_description":"Micha\u00ebl Zen - \u00c0 propos de moi et mes services de photographe \u00e9v\u00e9nementiel : mariages, \u00e9v\u00e9nements priv\u00e9s et professionnels","og_url":"https:\/\/belart-picture.com\/evenements\/infos\/infos-michael-zen-photographe\/","og_site_name":"Belart - Picture | \u00c9v\u00e8nements","article_publisher":"https:\/\/www.facebook.com\/belartpicture\/","article_modified_time":"2026-03-11T10:13:14+00:00","twitter_card":"summary_large_image","twitter_site":"@BelartPicture","twitter_misc":{"Dur\u00e9e de lecture estim\u00e9e":"4 minutes"},"schema":{"@context":"https:\/\/schema.org","@graph":[{"@type":"WebPage","@id":"https:\/\/belart-picture.com\/evenements\/infos\/infos-michael-zen-photographe\/","url":"https:\/\/belart-picture.com\/evenements\/infos\/infos-michael-zen-photographe\/","name":"Qui suis-je ? - Belart - Picture | \u00c9v\u00e8nements - Micha\u00ebl Zen - \u00c0 propos de moi et mes services de photographe \u00e9v\u00e9nementiel : mariages, \u00e9v\u00e9nements priv\u00e9s et professionnels","isPartOf":{"@id":"https:\/\/belart-picture.com\/evenements\/#website"},"datePublished":"2020-07-01T14:53:59+00:00","dateModified":"2026-03-11T10:13:14+00:00","description":"D\u00e9couvrez mon approche de photographe \u00e9v\u00e9nementiel : mariages, \u00e9v\u00e9nements priv\u00e9s et professionnels. Un regard humain pour raconter vos moments forts avec authenticit\u00e9.","breadcrumb":{"@id":"https:\/\/belart-picture.com\/evenements\/infos\/infos-michael-zen-photographe\/#breadcrumb"},"inLanguage":"fr-FR","potentialAction":[{"@type":"ReadAction","target":["https:\/\/belart-picture.com\/evenements\/infos\/infos-michael-zen-photographe\/"]}]},{"@type":"BreadcrumbList","@id":"https:\/\/belart-picture.com\/evenements\/infos\/infos-michael-zen-photographe\/#breadcrumb","itemListElement":[{"@type":"ListItem","position":1,"name":"Home","item":"https:\/\/belart-picture.com\/evenements\/"},{"@type":"ListItem","position":2,"name":"Infos","item":"https:\/\/belart-picture.com\/evenements\/infos\/"},{"@type":"ListItem","position":3,"name":"Qui suis-je ?"}]},{"@type":"WebSite","@id":"https:\/\/belart-picture.com\/evenements\/#website","url":"https:\/\/belart-picture.com\/evenements\/","name":"Belart - Picture | \u00c9v\u00e8nements","description":"Photographe Mariages, \u00c9v\u00e8nements, PackShot, Corporate","publisher":{"@id":"https:\/\/belart-picture.com\/evenements\/#organization"},"potentialAction":[{"@type":"SearchAction","target":{"@type":"EntryPoint","urlTemplate":"https:\/\/belart-picture.com\/evenements\/?s={search_term_string}"},"query-input":{"@type":"PropertyValueSpecification","valueRequired":true,"valueName":"search_term_string"}}],"inLanguage":"fr-FR"},{"@type":"Organization","@id":"https:\/\/belart-picture.com\/evenements\/#organization","name":"Belart - Picture | \u00c9v\u00e8nements","url":"https:\/\/belart-picture.com\/evenements\/","logo":{"@type":"ImageObject","inLanguage":"fr-FR","@id":"https:\/\/belart-picture.com\/evenements\/#\/schema\/logo\/image\/","url":"https:\/\/www.belart-picture.com\/evenements\/wp-content\/uploads\/2025\/05\/Logo-BP_2021_fond_blanc_ecriture_noir_500px-scaled.png","contentUrl":"https:\/\/www.belart-picture.com\/evenements\/wp-content\/uploads\/2025\/05\/Logo-BP_2021_fond_blanc_ecriture_noir_500px-scaled.png","width":2560,"height":2560,"caption":"Belart - Picture | \u00c9v\u00e8nements"},"image":{"@id":"https:\/\/belart-picture.com\/evenements\/#\/schema\/logo\/image\/"},"sameAs":["https:\/\/www.facebook.com\/belartpicture\/","https:\/\/x.com\/BelartPicture","https:\/\/www.instagram.com\/belart_picture_photographe\/","https:\/\/fr.pinterest.com\/belartpicture\/","https:\/\/500px.com\/p\/Belart-Picture"]}]}},"_links":{"self":[{"href":"https:\/\/belart-picture.com\/evenements\/wp-json\/wp\/v2\/pages\/420","targetHints":{"allow":["GET"]}}],"collection":[{"href":"https:\/\/belart-picture.com\/evenements\/wp-json\/wp\/v2\/pages"}],"about":[{"href":"https:\/\/belart-picture.com\/evenements\/wp-json\/wp\/v2\/types\/page"}],"author":[{"embeddable":true,"href":"https:\/\/belart-picture.com\/evenements\/wp-json\/wp\/v2\/users\/1"}],"replies":[{"embeddable":true,"href":"https:\/\/belart-picture.com\/evenements\/wp-json\/wp\/v2\/comments?post=420"}],"version-history":[{"count":6,"href":"https:\/\/belart-picture.com\/evenements\/wp-json\/wp\/v2\/pages\/420\/revisions"}],"predecessor-version":[{"id":24502,"href":"https:\/\/belart-picture.com\/evenements\/wp-json\/wp\/v2\/pages\/420\/revisions\/24502"}],"up":[{"embeddable":true,"href":"https:\/\/belart-picture.com\/evenements\/wp-json\/wp\/v2\/pages\/19758"}],"wp:attachment":[{"href":"https:\/\/belart-picture.com\/evenements\/wp-json\/wp\/v2\/media?parent=420"}],"curies":[{"name":"wp","href":"https:\/\/api.w.org\/{rel}","templated":true}]}}